 + -1). Suppose -3*g + s*g = -x + 1402, 5*g - 2*x - 1396 = 0. What is the units digit of 3*(g/(-6))/(-5)?
8
Let r(w) = -230*w - 392. What is the hundreds digit of r(-14)?
8
Let d be 0/(0 + 2 + -1). Suppose 4*t - a = -d*a - 95, 5*t - 4*a = -116. Let k = 48 + t. What is the units digit of k?
4
Suppose -5*p + 38 = -502. What is the hundreds digit of p?
1
Let o be 3*1*50/30. Suppose -4*x - x - o*z = 10, -5*x - 4*z = 5. Suppose 0 = -x*u - r + 197, 3*u - 5*r + 248 = 7*u. What is the units digit of u?
7
Let b be 2 + (-15)/9 - 44/(-3). Suppose b*r - 17*r + 332 = 0. What is the hundreds digit of r?
1
What is the hundreds digit of (3 + -1020)/((-5)/5) - 0?
0
Let c = 14 + -11. Let q = c + 1. What is the tens digit of 6/q*(-176)/(-24)?
1
Let r be 4/(4/(-9))*(-3910)/51. Suppose 5*f = -3*l + r, 2 + 1 = -f. What is the tens digit of l?
3
Let l(d) = -d**3 + 22*d**2 + 42*d + 76. What is the tens digit of l(21)?
9
Let r(v) = -v**2 + 24*v + 2. Suppose -11*a = -48 - 95. What is the units digit of r(a)?
5
Suppose -32 - 136 = -8*i. Let q be i - 5/((-15)/9). Suppose -p + 196 = 3*x - q, -2*x + 3*p + 143 = 0. What is the units digit of x?
3
Let k(r) = -r**3 - 14*r**2 + 13*r - 11. Let a be k(-15). Suppose 0 = -f + a - 28. Let j(p) = 2*p**2 + 13*p - 12. What is the units digit of j(f)?
3
Let i = 249 + 185. What is the tens digit of i?
3
Let r be (0 + (-16)/(-10))*(-75)/(-10). What is the hundreds digit of (-1374)/(-9) - (-4)/r?
1
Let u be (-4 - -1)*5/(-3). Suppose 8*a - 7*a = 3*r + 15, r + 5 = -5*a. Suppose a = 2*k - t - 78, -5*k + 35 + 160 = -u*t. What is the tens digit of k?
3
Let g(j) = 5*j**3 - 20*j - 21. Let b(f) = f**3 + f**2 - f - 1. Let o(s) = -6*b(s) + g(s). What is the units digit of o(-6)?
9
What is the tens digit of -10*(-3)/12*(-328448)/(-640)?
8
Suppose -3 = t, -5*y - 2*t - 3*t + 85 = 0. What is the units digit of 1/((-5)/y) - -67?
3
Suppose 60*q - 166 = 58*q. What is the tens digit of q?
8
Suppose -t = 2*l - 1182, -3*l - 2*t = 2*l - 2953. What is the tens digit of l?
8
Let u = -454 - -854. What is the units digit of u?
0
Suppose 5*j - 27 = h - 4*h, -h - 8 = -4*j. Suppose 0 = b - 29 - j. What is the tens digit of b?
3
Let i = 18 + -14. Let p(z) = -z**3 + 5*z**2 - 5. Let j be p(i). Suppose -72 = 9*t - j*t. What is the units digit of t?
6
Suppose -8 = 2*i - 16. Suppose f = -h - 25, 2*h + i*f - 100 = 6*h. What is the tens digit of (-98)/(-5) + (-10)/h?
2
Let z(i) be the first derivative of -i**3/3 + 29*i**2/2 - 6*i - 20. What is the tens digit of z(26)?
7
Suppose 2*p - 23 = -5*d, 0*p - 3*d = 2*p - 17. Suppose -p*v = 6*z - 5*z - 151, 2*v - 143 = -z. What is the tens digit of (28/(-3))/((-30)/z)?
4
Let i be (78/(-10))/(8/(-40)). Suppose 3*o - i - 57 = 0. Suppose -2*j = 6, -o = -2*l + 2*j + 2*j. What is the tens digit of l?
1
Let o(c) = -6*c**2 - 4*c + 16. Let t(s) = s**2. Let k(f) = -o(f) - 4*t(f). What is the units digit of k(7)?
0
Suppose 5*i - 1082 = 2*m, 23*i - m + 440 = 25*i. What is the hundreds digit of i?
2
Let o(q) = -398*q + 77. What is the hundreds digit of o(-4)?
6
Let f be 8*3/6*-38. Let s = f - -268. What is the units digit of s?
6
Suppose -j + 4 = -2. Let w be j + 0 + (1 - 3). Suppose -a + 36 = z - 6*a, -w*z + 112 = -4*a. What is the tens digit of z?
2
Let k = 345 + 158. What is the tens digit of k?
0
Let z = -452 - -773. What is the tens digit of z?
2
Let k(c) = -2*c. Let q be k(-3). Let f = 31 - q. What is the tens digit of f*1 + (-1 - -1)?
2
What is the units digit of (6/(-4))/(12/(-12464))?
8
Suppose 5*v + 11 - 16 = 0. What is the tens digit of (v*25)/(5/10)?
5
Let t(i) = 76*i**2 - 27*i + 47. What is the units digit of t(7)?
2
Let k(b) = 139*b + 97. What is the tens digit of k(7)?
7
Suppose -719*d + 721*d = 1544. What is the hundreds digit of d?
7
Let f(x) = 3*x + 2. Let t be f(1). Suppose 5*l + 2*a - t*a = 346, l + 5*a = 86. Suppose 3*z + 72 = j, 3*j + z - l = 95. What is the tens digit of j?
5
Suppose 241 = -o - 94. Let j be o/(-2) + (-5)/10. Suppose 0 = 6*u - 55 - j. What is the units digit of u?
7
Let n(i) = -i**3 - i**2 - 3*i - 21. What is the tens digit of n(-5)?
9
Let k = -103 - -104. What is the tens digit of 1533/7 + k + -5?
1
Let m = 1901 - 913. What is the units digit of m?
8
Let k = 288327 - 140971. Let x be 2/5 + k/85. What is the tens digit of 2/(-7) + x/42?
4
Suppose 2*m + 502 = 6*b - 4*b, -m + 4 = 0. Suppose 2*c - b = 201. What is the hundreds digit of c?
2
Suppose -19*k + 8*k + 5973 = 0. What is the units digit of k?
3
Let b(k) = -2*k**3 + k**2 + 2*k + 1. Let w be b(-1). Suppose 4 = w*h - 28. What is the units digit of h?
6
Let x(m) = 22*m**2 + 7*m + 11. What is the tens digit of x(-4)?
3
Let o(t) = 6*t**2 - 21*t - 35. What is the tens digit of o(-7)?
0
Suppose -5*j = 2*p - 161, 3*p = 2*p - 2. Let t = j + -29. Suppose 25 - 222 = -4*k + 5*g, -20 = t*g. What is the units digit of k?
3
What is the hundreds digit of (98/6)/((-18)/(-2268))?
0
Suppose 3*m = -2*m + 2*c, -5*c = 5*m - 35. Let x = 25 - m. What is the tens digit of x?
2
Suppose j = -5*c - 2*j + 308, -j = -c + 68. Let z = -49 - -20. Let o = c + z. What is the units digit of o?
5
Suppose -18*x = -14*x - 8. Suppose 5*z - 586 = -x*h, 0*h = 4*z - 5*h - 482. What is the units digit of z?
8
Let o be (-377)/(-117) - (-4)/(-18) - -1. Suppose -9*k + 650 = -o*k. What is the tens digit of k?
3
Let h(v) = v**3 - 8*v**2 + 3*v + 32. Let y be h(7). Let z be -3*-2*(-8)/(-6). What is the units digit of (-1 + 5)*y/z?
2
What is the units digit of (-2 - -20)/3 + -3 + 8?
1
Suppose -5*g = 4*s - 3569, -5*g + 3120 = s - 461. What is the hundreds digit of g?
7
Let b = 183 + -10. What is the units digit of b?
3
Let x be (32/(-48))/(1/(-387)). Let j = x - 122. What is the tens digit of j?
3
What is the hundreds digit of 3060*((-24 - -27) + 9/(-5))?
6
Let h(f) = 116*f**2 + 19*f + 19. What is the thousands digit of h(-3)?
1
Suppose 4*l + 5*v - 1495 = 0, 5*l + 4*v = 2*l + 1122. What is the tens digit of l?
7
Suppose -2*n + 18 - 8 = 0. Suppose -n*q - q = -144. What is the tens digit of q?
2
Let t(p) = 70*p**2 + 2*p. What is the units digit of t(-2)?
6
Let r be 1/2 + 5/(-2). Let k(z) = -4*z**3 - 2*z**2 + 4*z + 5. Let q be k(r). Let a = q - -36. What is the units digit of a?
7
What is the hundreds digit of (-7856)/(-14) + (39/21 - 2)?
5
Suppose -1048 = -4*g + 740. What is the units digit of g?
7
What is the tens digit of (-2 + 3)*-18*-1?
1
Let j(r) = -3*r + 186. What is the tens digit of j(-4)?
9
Let a be (-3 - -1)/(9/(-36)). Let q be a/20 + 2/(-5). Suppose 0 = -3*w - 3*y + 78, 4*y = -q*y. What is the tens digit of w?
2
Let d = 1129 - 581. Suppose 0 = -2*p + o + d, 5*p = -o - o + 1379. Suppose -l = -3*t + 4*l + 184, p = 5*t - 2*l. What is the tens digit of t?
5
Let n be (-1 + 10/6)*6. Let y be -2*(n/2)/2. Let u(v) = 6*v**2 - v - 2. What is the tens digit of u(y)?
2
Let s be 3 - (2 - (-1 + 4)). Let w be (-2)/s - (-297)/22. Suppose -42 = -q + w. What is the tens digit of q?
5
Let m(g) = g + 1. Let y be m(-2). Let x be (4 - 1 - 3)*y. Suppose -3*t - t - 5*n + 67 = 0, -4*t - n + 55 = x. What is the tens digit of t?
1
Let p = 61 + -13. Let z = p + 62. What is the hundreds digit of z?
1
Let u = 15 + -10. Suppose 0 = -u*d - 0*d. Suppose -5*k + 39 + 1 = d. What is the units digit of k?
8
Suppose -4*j + 5*j - 3 = 0. Suppose -41 = j*u - 5*f, -3*f = 4*u - 2 + 105. What is the units digit of 4/u - (-6496)/154?
2
Let d(h) = 24*h + 83. What is the hundreds digit of d(29)?
7
Let n be (-4 - -5)/1*4. Let j be (0 - 85)/(n/(-4)). Let q = -37 + j. What is the tens digit of q?
4
Let l = -11 + 11. Suppose 3*f + 2*f + 40 = l. What is the tens digit of (1 - -1)*(-48)/f?
1
Suppose 4109 = 5*g + 3*b, -2*g - 5*b = -1704 + 49. What is the units digit of g?
0
What is the units digit of 3653/2 - (-120)/(-240)?
6
Let f(y) = 54*y**2 + 4*y + 1. Let k be f(-3). Suppose 10*s = 15*s - k. Suppose -5*n + s = 5*p, -p = -5*n - 5*p + 99. What is the units digit of n?
3
Suppose 3*s + 290 = l, -494 = 5*l - 4*s - 1977. What is the units digit of l?
9
Let b(v) = 400*v**2 - 4*v - 6. What is the thousands digit of b(-2)?
1
Let y = 9 - 25. What is the units digit of (y/28)/(6/(-357))?
4
What is the tens digit of (117/(-26))/((-4)/3392)?
1
Let x(v) = -v**3 - 5*v**2 + 3*v - 6. Let o be x(-6). Suppose 2*a + 115 - o = 3*t, 2*t - 75 = -5*a. What is the